{"id":10759,"date":"2025-08-13T08:23:45","date_gmt":"2025-08-13T11:23:45","guid":{"rendered":"https:\/\/www.enoturismochile.cl\/constitution\/?page_id=10759"},"modified":"2025-10-15T08:16:30","modified_gmt":"2025-10-15T11:16:30","slug":"valles","status":"publish","type":"page","link":"https:\/\/www.enoturismochile.cl\/constitution\/valles\/","title":{"rendered":"Valles"},"content":{"rendered":"\t\t<div data-elementor-type=\"wp-page\" data-elementor-id=\"10759\" class=\"elementor elementor-10759\" data-elementor-post-type=\"page\">\n\t\t\t\t<div class=\"elementor-element elementor-element-21d4ac24 e-flex e-con-boxed e-con e-parent\" data-id=\"21d4ac24\" data-element_type=\"container\" data-e-type=\"container\">\n\t\t\t\t\t<div class=\"e-con-inner\">\n\t\t<div class=\"elementor-element elementor-element-5a9b6994 e-con-full e-flex e-con e-child\" data-id=\"5a9b6994\" data-element_type=\"container\" data-e-type=\"container\">\n\t\t\t\t<div class=\"elementor-element elementor-element-3e79a9ba elementor-widget__width-initial home-explora elementor-widget-mobile__width-inherit elementor-widget elementor-widget-text-editor\" data-id=\"3e79a9ba\" data-element_type=\"widget\" data-e-type=\"widget\" data-widget_type=\"text-editor.default\">\n\t\t\t\t\t\t\t\t\t<h2>Chile tierra<br \/>de valles y vinos<\/h2><p><img decoding=\"async\" class=\"alignnone wp-image-139\" src=\"https:\/\/enotch2025.enoturismochile.cl\/wp-content\/uploads\/2025\/06\/circulos-xs-colores.svg\" alt=\"\" width=\"303\" \/><\/p><p>De norte a sur: paisajes, cepas y experiencias por descubrir. \u00a1Explora los valles vitivin\u00edcolas!<\/p>\t\t\t\t\t\t\t\t<\/div>\n\t\t\t\t<\/div>\n\t\t<a class=\"elementor-element elementor-element-fc8669d e-con-full card-valle codpa e-flex e-con e-child\" data-id=\"fc8669d\" data-element_type=\"container\" data-e-type=\"container\" data-settings=\"{&quot;background_background&quot;:&quot;classic&quot;}\" href=\"https:\/\/www.enoturismochile.cl\/constitution\/valles\/valle-de-codpa\/\">\n\t\t\t\t<div class=\"elementor-element elementor-element-7b1c946f elementor-widget elementor-widget-text-editor\" data-id=\"7b1c946f\" data-element_type=\"widget\" data-e-type=\"widget\" data-widget_type=\"text-editor.default\">\n\t\t\t\t\t\t\t\t\t<h2>Valle de Codpa<\/h2><p>Regi\u00f3n de Arica y Parinacota<\/p><p><strong>ver m\u00e1s<\/strong><\/p>\t\t\t\t\t\t\t\t<\/div>\n\t\t\t\t<\/a>\n\t\t<a class=\"elementor-element elementor-element-8e02be4 e-con-full card-valle tamarugal e-flex e-con e-child\" data-id=\"8e02be4\" data-element_type=\"container\" data-e-type=\"container\" data-settings=\"{&quot;background_background&quot;:&quot;classic&quot;}\" href=\"https:\/\/www.enoturismochile.cl\/constitution\/valles\/pampa-del-tamarugal\/\">\n\t\t\t\t<div class=\"elementor-element elementor-element-70ea504 elementor-widget elementor-widget-text-editor\" data-id=\"70ea504\" data-element_type=\"widget\" data-e-type=\"widget\" data-widget_type=\"text-editor.default\">\n\t\t\t\t\t\t\t\t\t<h2>Valle del Tamarugal<\/h2><p>Regi\u00f3n de Tarapac\u00e1<\/p><p><strong>ver m\u00e1s<\/strong><\/p>\t\t\t\t\t\t\t\t<\/div>\n\t\t\t\t<\/a>\n\t\t<a class=\"elementor-element elementor-element-95d6db8 e-con-full card-valle jere e-flex e-con e-child\" data-id=\"95d6db8\" data-element_type=\"container\" data-e-type=\"container\" data-settings=\"{&quot;background_background&quot;:&quot;classic&quot;}\" href=\"https:\/\/www.enoturismochile.cl\/constitution\/valles\/valle-del-jere\/\">\n\t\t\t\t<div class=\"elementor-element elementor-element-6652d01 elementor-widget elementor-widget-text-editor\" data-id=\"6652d01\" data-element_type=\"widget\" data-e-type=\"widget\" data-widget_type=\"text-editor.default\">\n\t\t\t\t\t\t\t\t\t<h2>Valle del Jere<\/h2><p>Regi\u00f3n de Antofagasta<\/p><p><strong>ver m\u00e1s<\/strong><\/p>\t\t\t\t\t\t\t\t<\/div>\n\t\t\t\t<\/a>\n\t\t<a class=\"elementor-element elementor-element-b5ecbda e-con-full card-valle huasco e-flex e-con e-child\" data-id=\"b5ecbda\" data-element_type=\"container\" data-e-type=\"container\" data-settings=\"{&quot;background_background&quot;:&quot;classic&quot;}\" href=\"https:\/\/www.enoturismochile.cl\/constitution\/valles\/valle-del-huasco-3\/\">\n\t\t\t\t<div class=\"elementor-element elementor-element-2ea874c elementor-widget elementor-widget-text-editor\" data-id=\"2ea874c\" data-element_type=\"widget\" data-e-type=\"widget\" data-widget_type=\"text-editor.default\">\n\t\t\t\t\t\t\t\t\t<h2>Valle del Huasco<\/h2><p>Regi\u00f3n de Atacama<\/p><p><strong>ver m\u00e1s<\/strong><\/p>\t\t\t\t\t\t\t\t<\/div>\n\t\t\t\t<\/a>\n\t\t<a class=\"elementor-element elementor-element-5ce9a421 e-con-full card-valle elqui e-flex e-con e-child\" data-id=\"5ce9a421\" data-element_type=\"container\" data-e-type=\"container\" data-settings=\"{&quot;background_background&quot;:&quot;classic&quot;}\" href=\"https:\/\/www.enoturismochile.cl\/constitution\/valles\/valle-del-elqui\/\">\n\t\t\t\t<div class=\"elementor-element elementor-element-3058cb15 elementor-widget elementor-widget-text-editor\" data-id=\"3058cb15\" data-element_type=\"widget\" data-e-type=\"widget\" data-widget_type=\"text-editor.default\">\n\t\t\t\t\t\t\t\t\t<h2>Valle del Elqui<\/h2><p>Regi\u00f3n de Coquimbo<\/p><p><strong>ver m\u00e1s<\/strong><\/p>\t\t\t\t\t\t\t\t<\/div>\n\t\t\t\t<\/a>\n\t\t<a class=\"elementor-element elementor-element-70fe39bb e-con-full card-valle limari e-flex e-con e-child\" data-id=\"70fe39bb\" data-element_type=\"container\" data-e-type=\"container\" data-settings=\"{&quot;background_background&quot;:&quot;classic&quot;}\" href=\"https:\/\/www.enoturismochile.cl\/constitution\/valles\/valle-del-limari\/\">\n\t\t\t\t<div class=\"elementor-element elementor-element-7a2f2f5e elementor-widget elementor-widget-text-editor\" data-id=\"7a2f2f5e\" data-element_type=\"widget\" data-e-type=\"widget\" data-widget_type=\"text-editor.default\">\n\t\t\t\t\t\t\t\t\t<h2>Valle del Limar\u00ed<\/h2><p>Regi\u00f3n de Coquimbo<\/p><p><strong>ver m\u00e1s<\/strong><\/p>\t\t\t\t\t\t\t\t<\/div>\n\t\t\t\t<\/a>\n\t\t<a class=\"elementor-element elementor-element-6f3e9586 e-con-full card-valle choapa e-flex e-con e-child\" data-id=\"6f3e9586\" data-element_type=\"container\" data-e-type=\"container\" data-settings=\"{&quot;background_background&quot;:&quot;classic&quot;}\" href=\"https:\/\/www.enoturismochile.cl\/constitution\/valles\/valle-del-choapa\/\">\n\t\t\t\t<div class=\"elementor-element elementor-element-551deef7 elementor-widget elementor-widget-text-editor\" data-id=\"551deef7\" data-element_type=\"widget\" data-e-type=\"widget\" data-widget_type=\"text-editor.default\">\n\t\t\t\t\t\t\t\t\t<h2>Valle del Choapa<\/h2><p>Regi\u00f3n de Coquimbo<\/p><p><strong>ver m\u00e1s<\/strong><\/p>\t\t\t\t\t\t\t\t<\/div>\n\t\t\t\t<\/a>\n\t\t<a class=\"elementor-element elementor-element-636d64bd e-con-full card-valle aconcagua e-flex e-con e-child\" data-id=\"636d64bd\" data-element_type=\"container\" data-e-type=\"container\" data-settings=\"{&quot;background_background&quot;:&quot;classic&quot;}\" href=\"https:\/\/www.enoturismochile.cl\/constitution\/valles\/valle-del-aconcagua\/\">\n\t\t\t\t<div class=\"elementor-element elementor-element-5cff65a7 elementor-widget elementor-widget-text-editor\" data-id=\"5cff65a7\" data-element_type=\"widget\" data-e-type=\"widget\" data-widget_type=\"text-editor.default\">\n\t\t\t\t\t\t\t\t\t<h2>Valle del Aconcagua<\/h2><p>Regi\u00f3n de Valpara\u00edso<\/p><p><strong>ver m\u00e1s<\/strong><\/p>\t\t\t\t\t\t\t\t<\/div>\n\t\t\t\t<\/a>\n\t\t<a class=\"elementor-element elementor-element-2275513d e-con-full card-valle casablanca e-flex e-con e-child\" data-id=\"2275513d\" data-element_type=\"container\" data-e-type=\"container\" data-settings=\"{&quot;background_background&quot;:&quot;classic&quot;}\" href=\"https:\/\/www.enoturismochile.cl\/constitution\/valles\/valle-de-casablanca\/\">\n\t\t\t\t<div class=\"elementor-element elementor-element-542a3e3c elementor-widget elementor-widget-text-editor\" data-id=\"542a3e3c\" data-element_type=\"widget\" data-e-type=\"widget\" data-widget_type=\"text-editor.default\">\n\t\t\t\t\t\t\t\t\t<h2>Valle de Casablanca<\/h2><p>Regi\u00f3n de Valpara\u00edso<\/p><p><strong>ver m\u00e1s<\/strong><\/p>\t\t\t\t\t\t\t\t<\/div>\n\t\t\t\t<\/a>\n\t\t<a class=\"elementor-element elementor-element-7de3e8af e-con-full card-valle san-antonio e-flex e-con e-child\" data-id=\"7de3e8af\" data-element_type=\"container\" data-e-type=\"container\" data-settings=\"{&quot;background_background&quot;:&quot;classic&quot;}\" href=\"https:\/\/www.enoturismochile.cl\/constitution\/valles\/valle-de-san-antonio-leyda\/\">\n\t\t\t\t<div class=\"elementor-element elementor-element-4cc9284b elementor-widget elementor-widget-text-editor\" data-id=\"4cc9284b\" data-element_type=\"widget\" data-e-type=\"widget\" data-widget_type=\"text-editor.default\">\n\t\t\t\t\t\t\t\t\t<h2>Valle de San Antonio\/Leyda<\/h2><p>Regi\u00f3n de Valpara\u00edso<\/p><p><strong>ver m\u00e1s<\/strong><\/p>\t\t\t\t\t\t\t\t<\/div>\n\t\t\t\t<\/a>\n\t\t<a class=\"elementor-element elementor-element-bc5fc49 e-con-full card-valle maipo e-flex e-con e-child\" data-id=\"bc5fc49\" data-element_type=\"container\" data-e-type=\"container\" data-settings=\"{&quot;background_background&quot;:&quot;classic&quot;}\" href=\"https:\/\/www.enoturismochile.cl\/constitution\/valles\/valle-del-maipo\/\">\n\t\t\t\t<div class=\"elementor-element elementor-element-1dbb8a02 elementor-widget elementor-widget-text-editor\" data-id=\"1dbb8a02\" data-element_type=\"widget\" data-e-type=\"widget\" data-widget_type=\"text-editor.default\">\n\t\t\t\t\t\t\t\t\t<h2>Valle del Maipo<\/h2><p>Regi\u00f3n de Metropolitana<\/p><p><strong>ver m\u00e1s<\/strong><\/p>\t\t\t\t\t\t\t\t<\/div>\n\t\t\t\t<\/a>\n\t\t<a class=\"elementor-element elementor-element-14be46b5 e-con-full card-valle cachapoal e-flex e-con e-child\" data-id=\"14be46b5\" data-element_type=\"container\" data-e-type=\"container\" data-settings=\"{&quot;background_background&quot;:&quot;classic&quot;}\" href=\"https:\/\/www.enoturismochile.cl\/constitution\/valles\/valle-del-cachapoal\/\">\n\t\t\t\t<div class=\"elementor-element elementor-element-3246868a elementor-widget elementor-widget-text-editor\" data-id=\"3246868a\" data-element_type=\"widget\" data-e-type=\"widget\" data-widget_type=\"text-editor.default\">\n\t\t\t\t\t\t\t\t\t<h2>Valle del Cachapoal<\/h2><p>Regi\u00f3n de O&#8217;Higgings<\/p><p><strong>ver m\u00e1s<\/strong><\/p>\t\t\t\t\t\t\t\t<\/div>\n\t\t\t\t<\/a>\n\t\t<a class=\"elementor-element elementor-element-2bdf1e18 e-con-full card-valle colchagua e-flex e-con e-child\" data-id=\"2bdf1e18\" data-element_type=\"container\" data-e-type=\"container\" data-settings=\"{&quot;background_background&quot;:&quot;classic&quot;}\" href=\"https:\/\/www.enoturismochile.cl\/constitution\/valles\/valle-de-colchagua\/\">\n\t\t\t\t<div class=\"elementor-element elementor-element-62923f42 elementor-widget elementor-widget-text-editor\" data-id=\"62923f42\" data-element_type=\"widget\" data-e-type=\"widget\" data-widget_type=\"text-editor.default\">\n\t\t\t\t\t\t\t\t\t<h2>Valle de Colchagua<\/h2><p>Regi\u00f3n de O&#8217;Higgings<\/p><p><strong>ver m\u00e1s<\/strong><\/p>\t\t\t\t\t\t\t\t<\/div>\n\t\t\t\t<\/a>\n\t\t<a class=\"elementor-element elementor-element-59f9ce0f e-con-full card-valle curico e-flex e-con e-child\" data-id=\"59f9ce0f\" data-element_type=\"container\" data-e-type=\"container\" data-settings=\"{&quot;background_background&quot;:&quot;classic&quot;}\" href=\"https:\/\/www.enoturismochile.cl\/constitution\/valles\/valle-de-curico\/\">\n\t\t\t\t<div class=\"elementor-element elementor-element-16f66ff8 elementor-widget elementor-widget-text-editor\" data-id=\"16f66ff8\" data-element_type=\"widget\" data-e-type=\"widget\" data-widget_type=\"text-editor.default\">\n\t\t\t\t\t\t\t\t\t<h2>Valle de Curic\u00f3<\/h2><p>Regi\u00f3n del Maule<\/p><p><strong>ver m\u00e1s<\/strong><\/p>\t\t\t\t\t\t\t\t<\/div>\n\t\t\t\t<\/a>\n\t\t<a class=\"elementor-element elementor-element-381a3620 e-con-full card-valle maule e-flex e-con e-child\" data-id=\"381a3620\" data-element_type=\"container\" data-e-type=\"container\" data-settings=\"{&quot;background_background&quot;:&quot;classic&quot;}\" href=\"https:\/\/www.enoturismochile.cl\/constitution\/valles\/valle-del-maule\/\">\n\t\t\t\t<div class=\"elementor-element elementor-element-30cd3381 elementor-widget elementor-widget-text-editor\" data-id=\"30cd3381\" data-element_type=\"widget\" data-e-type=\"widget\" data-widget_type=\"text-editor.default\">\n\t\t\t\t\t\t\t\t\t<h2>Valle del Maule<\/h2><p>Regi\u00f3n del Maule<\/p><p><strong>ver m\u00e1s<\/strong><\/p>\t\t\t\t\t\t\t\t<\/div>\n\t\t\t\t<\/a>\n\t\t<a class=\"elementor-element elementor-element-4f5bc72 e-con-full card-valle itata e-flex e-con e-child\" data-id=\"4f5bc72\" data-element_type=\"container\" data-e-type=\"container\" data-settings=\"{&quot;background_background&quot;:&quot;classic&quot;}\" href=\"https:\/\/www.enoturismochile.cl\/constitution\/valles\/valle-del-itata\/\">\n\t\t\t\t<div class=\"elementor-element elementor-element-7cc3d0c4 elementor-widget elementor-widget-text-editor\" data-id=\"7cc3d0c4\" data-element_type=\"widget\" data-e-type=\"widget\" data-widget_type=\"text-editor.default\">\n\t\t\t\t\t\t\t\t\t<h2>Valle de Itata<\/h2><p>Regi\u00f3n del Biob\u00edo<\/p><p><strong>ver m\u00e1s<\/strong><\/p>\t\t\t\t\t\t\t\t<\/div>\n\t\t\t\t<\/a>\n\t\t<a class=\"elementor-element elementor-element-7bcb0b0f e-con-full card-valle biobio e-flex e-con e-child\" data-id=\"7bcb0b0f\" data-element_type=\"container\" data-e-type=\"container\" data-settings=\"{&quot;background_background&quot;:&quot;classic&quot;}\" href=\"https:\/\/www.enoturismochile.cl\/constitution\/valles\/valle-del-biobio\/\">\n\t\t\t\t<div class=\"elementor-element elementor-element-7434cab3 elementor-widget elementor-widget-text-editor\" data-id=\"7434cab3\" data-element_type=\"widget\" data-e-type=\"widget\" data-widget_type=\"text-editor.default\">\n\t\t\t\t\t\t\t\t\t<h2>Valle del Biob\u00edo<\/h2><p>Regi\u00f3n del Biob\u00edo<\/p><p><strong>ver m\u00e1s<\/strong><\/p>\t\t\t\t\t\t\t\t<\/div>\n\t\t\t\t<\/a>\n\t\t<a class=\"elementor-element elementor-element-1a44697a e-con-full card-valle malleco e-flex e-con e-child\" data-id=\"1a44697a\" data-element_type=\"container\" data-e-type=\"container\" data-settings=\"{&quot;background_background&quot;:&quot;classic&quot;}\" href=\"https:\/\/www.enoturismochile.cl\/constitution\/valles\/valle-del-malleco\/\">\n\t\t\t\t<div class=\"elementor-element elementor-element-1c45778d elementor-widget elementor-widget-text-editor\" data-id=\"1c45778d\" data-element_type=\"widget\" data-e-type=\"widget\" data-widget_type=\"text-editor.default\">\n\t\t\t\t\t\t\t\t\t<h2>Valle del Malleco<\/h2><p>Regi\u00f3n de la Araucan\u00eda<\/p><p><strong>ver m\u00e1s<\/strong><\/p>\t\t\t\t\t\t\t\t<\/div>\n\t\t\t\t<\/a>\n\t\t<a class=\"elementor-element elementor-element-0dc9890 e-con-full card-valle cautin e-flex e-con e-child\" data-id=\"0dc9890\" data-element_type=\"container\" data-e-type=\"container\" data-settings=\"{&quot;background_background&quot;:&quot;classic&quot;}\" href=\"https:\/\/www.enoturismochile.cl\/constitution\/valles\/valle-del-cautin\/\">\n\t\t\t\t<div class=\"elementor-element elementor-element-39935c2 elementor-widget elementor-widget-text-editor\" data-id=\"39935c2\" data-element_type=\"widget\" data-e-type=\"widget\" data-widget_type=\"text-editor.default\">\n\t\t\t\t\t\t\t\t\t<h2>Valle del Caut\u00edn<\/h2><p>Regi\u00f3n de la Araucan\u00eda<\/p><p><strong>ver m\u00e1s<\/strong><\/p>\t\t\t\t\t\t\t\t<\/div>\n\t\t\t\t<\/a>\n\t\t<a class=\"elementor-element elementor-element-381a631 e-con-full card-valle osorno e-flex e-con e-child\" data-id=\"381a631\" data-element_type=\"container\" data-e-type=\"container\" data-settings=\"{&quot;background_background&quot;:&quot;classic&quot;}\" href=\"https:\/\/www.enoturismochile.cl\/constitution\/valles\/valle-de-osorno\/\">\n\t\t\t\t<div class=\"elementor-element elementor-element-679d778 elementor-widget elementor-widget-text-editor\" data-id=\"679d778\" data-element_type=\"widget\" data-e-type=\"widget\" data-widget_type=\"text-editor.default\">\n\t\t\t\t\t\t\t\t\t<h2>Valle de Osorno<\/h2><p>Regi\u00f3n de la Araucan\u00eda<\/p><p><strong>ver m\u00e1s<\/strong><\/p>\t\t\t\t\t\t\t\t<\/div>\n\t\t\t\t<\/a>\n\t\t\t\t\t<\/div>\n\t\t\t\t<\/div>\n\t\t\t\t<\/div>\n\t\t","protected":false},"excerpt":{"rendered":"<p>Chile tierrade valles y vinos De norte a sur: paisajes, cepas y experiencias por descubrir. \u00a1Explora los valles vitivin\u00edcolas! Valle de Codpa Regi\u00f3n de Arica y Parinacota ver m\u00e1s Valle del Tamarugal Regi\u00f3n de Tarapac\u00e1 ver m\u00e1s Valle del Jere Regi\u00f3n de Antofagasta ver m\u00e1s Valle del Huasco Regi\u00f3n de Atacama ver m\u00e1s Valle del [&hellip;]<\/p>\n","protected":false},"author":2,"featured_media":0,"parent":0,"menu_order":0,"comment_status":"closed","ping_status":"closed","template":"","meta":{"footnotes":""},"class_list":["post-10759","page","type-page","status-publish","hentry"],"yoast_head":"<!-- This site is optimized with the Yoast SEO plugin v27.3 - https:\/\/yoast.com\/product\/yoast-seo-wordpress\/ -->\n<title>Valles - Enoturismo Chile<\/title>\n<meta name=\"robots\" content=\"noindex, follow, max-snippet:-1, max-image-preview:large, max-video-preview:-1\" \/>\n<meta property=\"og:locale\" content=\"es_ES\" \/>\n<meta property=\"og:type\" content=\"article\" \/>\n<meta property=\"og:title\" content=\"Valles - Enoturismo Chile\" \/>\n<meta property=\"og:description\" content=\"Chile tierrade valles y vinos De norte a sur: paisajes, cepas y experiencias por descubrir. \u00a1Explora los valles vitivin\u00edcolas! Valle de Codpa Regi\u00f3n de Arica y Parinacota ver m\u00e1s Valle del Tamarugal Regi\u00f3n de Tarapac\u00e1 ver m\u00e1s Valle del Jere Regi\u00f3n de Antofagasta ver m\u00e1s Valle del Huasco Regi\u00f3n de Atacama ver m\u00e1s Valle del [&hellip;]\" \/>\n<meta property=\"og:url\" content=\"https:\/\/www.enoturismochile.cl\/constitution\/valles\/\" \/>\n<meta property=\"og:site_name\" content=\"Enoturismo Chile\" \/>\n<meta property=\"article:modified_time\" content=\"2025-10-15T11:16:30+00:00\" \/>\n<meta property=\"og:image\" content=\"https:\/\/enotch2025.enoturismochile.cl\/wp-content\/uploads\/2025\/06\/circulos-xs-colores.svg\" \/>\n<meta name=\"twitter:card\" content=\"summary_large_image\" \/>\n<meta name=\"twitter:label1\" content=\"Tiempo de lectura\" \/>\n\t<meta name=\"twitter:data1\" content=\"2 minutos\" \/>\n<script type=\"application\/ld+json\" class=\"yoast-schema-graph\">{\"@context\":\"https:\\\/\\\/schema.org\",\"@graph\":[{\"@type\":\"WebPage\",\"@id\":\"https:\\\/\\\/www.enoturismochile.cl\\\/constitution\\\/valles\\\/\",\"url\":\"https:\\\/\\\/www.enoturismochile.cl\\\/constitution\\\/valles\\\/\",\"name\":\"Valles - Enoturismo Chile\",\"isPartOf\":{\"@id\":\"https:\\\/\\\/www.enoturismochile.cl\\\/constitution\\\/#website\"},\"primaryImageOfPage\":{\"@id\":\"https:\\\/\\\/www.enoturismochile.cl\\\/constitution\\\/valles\\\/#primaryimage\"},\"image\":{\"@id\":\"https:\\\/\\\/www.enoturismochile.cl\\\/constitution\\\/valles\\\/#primaryimage\"},\"thumbnailUrl\":\"https:\\\/\\\/enotch2025.enoturismochile.cl\\\/wp-content\\\/uploads\\\/2025\\\/06\\\/circulos-xs-colores.svg\",\"datePublished\":\"2025-08-13T11:23:45+00:00\",\"dateModified\":\"2025-10-15T11:16:30+00:00\",\"breadcrumb\":{\"@id\":\"https:\\\/\\\/www.enoturismochile.cl\\\/constitution\\\/valles\\\/#breadcrumb\"},\"inLanguage\":\"es\",\"potentialAction\":[{\"@type\":\"ReadAction\",\"target\":[\"https:\\\/\\\/www.enoturismochile.cl\\\/constitution\\\/valles\\\/\"]}]},{\"@type\":\"ImageObject\",\"inLanguage\":\"es\",\"@id\":\"https:\\\/\\\/www.enoturismochile.cl\\\/constitution\\\/valles\\\/#primaryimage\",\"url\":\"https:\\\/\\\/enotch2025.enoturismochile.cl\\\/wp-content\\\/uploads\\\/2025\\\/06\\\/circulos-xs-colores.svg\",\"contentUrl\":\"https:\\\/\\\/enotch2025.enoturismochile.cl\\\/wp-content\\\/uploads\\\/2025\\\/06\\\/circulos-xs-colores.svg\"},{\"@type\":\"BreadcrumbList\",\"@id\":\"https:\\\/\\\/www.enoturismochile.cl\\\/constitution\\\/valles\\\/#breadcrumb\",\"itemListElement\":[{\"@type\":\"ListItem\",\"position\":1,\"name\":\"Portada\",\"item\":\"https:\\\/\\\/www.enoturismochile.cl\\\/constitution\\\/\"},{\"@type\":\"ListItem\",\"position\":2,\"name\":\"Valles\"}]},{\"@type\":\"WebSite\",\"@id\":\"https:\\\/\\\/www.enoturismochile.cl\\\/constitution\\\/#website\",\"url\":\"https:\\\/\\\/www.enoturismochile.cl\\\/constitution\\\/\",\"name\":\"Enoturismo Chile\",\"description\":\"\",\"publisher\":{\"@id\":\"https:\\\/\\\/www.enoturismochile.cl\\\/constitution\\\/#organization\"},\"potentialAction\":[{\"@type\":\"SearchAction\",\"target\":{\"@type\":\"EntryPoint\",\"urlTemplate\":\"https:\\\/\\\/www.enoturismochile.cl\\\/constitution\\\/?s={search_term_string}\"},\"query-input\":{\"@type\":\"PropertyValueSpecification\",\"valueRequired\":true,\"valueName\":\"search_term_string\"}}],\"inLanguage\":\"es\"},{\"@type\":\"Organization\",\"@id\":\"https:\\\/\\\/www.enoturismochile.cl\\\/constitution\\\/#organization\",\"name\":\"Enoturismo Chile\",\"url\":\"https:\\\/\\\/www.enoturismochile.cl\\\/constitution\\\/\",\"logo\":{\"@type\":\"ImageObject\",\"inLanguage\":\"es\",\"@id\":\"https:\\\/\\\/www.enoturismochile.cl\\\/constitution\\\/#\\\/schema\\\/logo\\\/image\\\/\",\"url\":\"https:\\\/\\\/www.enoturismochile.cl\\\/constitution\\\/wp-content\\\/uploads\\\/2020\\\/07\\\/logo-et-2020.png\",\"contentUrl\":\"https:\\\/\\\/www.enoturismochile.cl\\\/constitution\\\/wp-content\\\/uploads\\\/2020\\\/07\\\/logo-et-2020.png\",\"width\":300,\"height\":154,\"caption\":\"Enoturismo Chile\"},\"image\":{\"@id\":\"https:\\\/\\\/www.enoturismochile.cl\\\/constitution\\\/#\\\/schema\\\/logo\\\/image\\\/\"}}]}<\/script>\n<!-- \/ Yoast SEO plugin. -->","yoast_head_json":{"title":"Valles - Enoturismo Chile","robots":{"index":"noindex","follow":"follow","max-snippet":"max-snippet:-1","max-image-preview":"max-image-preview:large","max-video-preview":"max-video-preview:-1"},"og_locale":"es_ES","og_type":"article","og_title":"Valles - Enoturismo Chile","og_description":"Chile tierrade valles y vinos De norte a sur: paisajes, cepas y experiencias por descubrir. \u00a1Explora los valles vitivin\u00edcolas! Valle de Codpa Regi\u00f3n de Arica y Parinacota ver m\u00e1s Valle del Tamarugal Regi\u00f3n de Tarapac\u00e1 ver m\u00e1s Valle del Jere Regi\u00f3n de Antofagasta ver m\u00e1s Valle del Huasco Regi\u00f3n de Atacama ver m\u00e1s Valle del [&hellip;]","og_url":"https:\/\/www.enoturismochile.cl\/constitution\/valles\/","og_site_name":"Enoturismo Chile","article_modified_time":"2025-10-15T11:16:30+00:00","og_image":[{"url":"https:\/\/enotch2025.enoturismochile.cl\/wp-content\/uploads\/2025\/06\/circulos-xs-colores.svg","type":"","width":"","height":""}],"twitter_card":"summary_large_image","twitter_misc":{"Tiempo de lectura":"2 minutos"},"schema":{"@context":"https:\/\/schema.org","@graph":[{"@type":"WebPage","@id":"https:\/\/www.enoturismochile.cl\/constitution\/valles\/","url":"https:\/\/www.enoturismochile.cl\/constitution\/valles\/","name":"Valles - Enoturismo Chile","isPartOf":{"@id":"https:\/\/www.enoturismochile.cl\/constitution\/#website"},"primaryImageOfPage":{"@id":"https:\/\/www.enoturismochile.cl\/constitution\/valles\/#primaryimage"},"image":{"@id":"https:\/\/www.enoturismochile.cl\/constitution\/valles\/#primaryimage"},"thumbnailUrl":"https:\/\/enotch2025.enoturismochile.cl\/wp-content\/uploads\/2025\/06\/circulos-xs-colores.svg","datePublished":"2025-08-13T11:23:45+00:00","dateModified":"2025-10-15T11:16:30+00:00","breadcrumb":{"@id":"https:\/\/www.enoturismochile.cl\/constitution\/valles\/#breadcrumb"},"inLanguage":"es","potentialAction":[{"@type":"ReadAction","target":["https:\/\/www.enoturismochile.cl\/constitution\/valles\/"]}]},{"@type":"ImageObject","inLanguage":"es","@id":"https:\/\/www.enoturismochile.cl\/constitution\/valles\/#primaryimage","url":"https:\/\/enotch2025.enoturismochile.cl\/wp-content\/uploads\/2025\/06\/circulos-xs-colores.svg","contentUrl":"https:\/\/enotch2025.enoturismochile.cl\/wp-content\/uploads\/2025\/06\/circulos-xs-colores.svg"},{"@type":"BreadcrumbList","@id":"https:\/\/www.enoturismochile.cl\/constitution\/valles\/#breadcrumb","itemListElement":[{"@type":"ListItem","position":1,"name":"Portada","item":"https:\/\/www.enoturismochile.cl\/constitution\/"},{"@type":"ListItem","position":2,"name":"Valles"}]},{"@type":"WebSite","@id":"https:\/\/www.enoturismochile.cl\/constitution\/#website","url":"https:\/\/www.enoturismochile.cl\/constitution\/","name":"Enoturismo Chile","description":"","publisher":{"@id":"https:\/\/www.enoturismochile.cl\/constitution\/#organization"},"potentialAction":[{"@type":"SearchAction","target":{"@type":"EntryPoint","urlTemplate":"https:\/\/www.enoturismochile.cl\/constitution\/?s={search_term_string}"},"query-input":{"@type":"PropertyValueSpecification","valueRequired":true,"valueName":"search_term_string"}}],"inLanguage":"es"},{"@type":"Organization","@id":"https:\/\/www.enoturismochile.cl\/constitution\/#organization","name":"Enoturismo Chile","url":"https:\/\/www.enoturismochile.cl\/constitution\/","logo":{"@type":"ImageObject","inLanguage":"es","@id":"https:\/\/www.enoturismochile.cl\/constitution\/#\/schema\/logo\/image\/","url":"https:\/\/www.enoturismochile.cl\/constitution\/wp-content\/uploads\/2020\/07\/logo-et-2020.png","contentUrl":"https:\/\/www.enoturismochile.cl\/constitution\/wp-content\/uploads\/2020\/07\/logo-et-2020.png","width":300,"height":154,"caption":"Enoturismo Chile"},"image":{"@id":"https:\/\/www.enoturismochile.cl\/constitution\/#\/schema\/logo\/image\/"}}]}},"_links":{"self":[{"href":"https:\/\/www.enoturismochile.cl\/constitution\/wp-json\/wp\/v2\/pages\/10759","targetHints":{"allow":["GET"]}}],"collection":[{"href":"https:\/\/www.enoturismochile.cl\/constitution\/wp-json\/wp\/v2\/pages"}],"about":[{"href":"https:\/\/www.enoturismochile.cl\/constitution\/wp-json\/wp\/v2\/types\/page"}],"author":[{"embeddable":true,"href":"https:\/\/www.enoturismochile.cl\/constitution\/wp-json\/wp\/v2\/users\/2"}],"replies":[{"embeddable":true,"href":"https:\/\/www.enoturismochile.cl\/constitution\/wp-json\/wp\/v2\/comments?post=10759"}],"version-history":[{"count":43,"href":"https:\/\/www.enoturismochile.cl\/constitution\/wp-json\/wp\/v2\/pages\/10759\/revisions"}],"predecessor-version":[{"id":13795,"href":"https:\/\/www.enoturismochile.cl\/constitution\/wp-json\/wp\/v2\/pages\/10759\/revisions\/13795"}],"wp:attachment":[{"href":"https:\/\/www.enoturismochile.cl\/constitution\/wp-json\/wp\/v2\/media?parent=10759"}],"curies":[{"name":"wp","href":"https:\/\/api.w.org\/{rel}","templated":true}]}}