{"id":10895,"date":"2025-08-13T12:39:17","date_gmt":"2025-08-13T15:39:17","guid":{"rendered":"https:\/\/www.enoturismochile.cl\/constitution\/?page_id=10895"},"modified":"2025-10-21T04:10:22","modified_gmt":"2025-10-21T07:10:22","slug":"directory-experiencias","status":"publish","type":"page","link":"https:\/\/www.enoturismochile.cl\/constitution\/directory-experiencias\/","title":{"rendered":"Experiencias"},"content":{"rendered":"\n<p class=\"bajada-seccion\">Encuentra tu pr\u00f3xima experiencia enotur\u00edstica entre cerca de 200 propuestas en todo Chile. Desc\u00fabrelas por valle, vi\u00f1a, tipo de experiencia o fecha, conoce sus detalles y reserva directamente para disfrutar la diversidad del enoturismo chileno en todas sus formas y paisajes.\n<\/p>\n\n\n\n\n\n\t\t<footer data-elementor-type=\"footer\" data-elementor-id=\"14893\" class=\"elementor elementor-14893\" data-elementor-post-type=\"elementor_library\">\n\t\t\t<div class=\"elementor-element elementor-element-36ac7b0 e-flex e-con-boxed e-con e-parent\" data-id=\"36ac7b0\" data-element_type=\"container\" data-e-type=\"container\" id=\"sumate\">\n\t\t\t\t\t<div class=\"e-con-inner\">\n\t\t\t\t<div class=\"elementor-element elementor-element-49c92bf elementor-view-default elementor-widget elementor-widget-icon\" data-id=\"49c92bf\" data-element_type=\"widget\" data-e-type=\"widget\" data-widget_type=\"icon.default\">\n\t\t\t\t\t\t\t<div class=\"elementor-icon-wrapper\">\n\t\t\t<div class=\"elementor-icon\">\n\t\t\t<svg xmlns=\"http:\/\/www.w3.org\/2000\/svg\" id=\"Capa_1\" data-name=\"Capa 1\" viewBox=\"0 0 100.46 100.46\"><defs><style> .cls-1 { fill: #fff; } .cls-2 { fill: #333; } <\/style><\/defs><circle class=\"cls-1\" cx=\"50.23\" cy=\"50.23\" r=\"50.23\"><\/circle><g><g><path class=\"cls-2\" d=\"M50.23,74.81c-.14,0-.28-.06-.37-.17-.72-.86-17.75-21.06-17.75-30.87s8.13-18.13,18.13-18.13,18.12,8.13,18.12,18.13-17.03,30.01-17.75,30.87c-.09.11-.23.17-.37.17ZM50.23,26.62c-9.46,0-17.16,7.7-17.16,17.16,0,8.68,14.62,26.74,17.16,29.8,2.53-3.06,17.16-21.12,17.16-29.8,0-9.46-7.7-17.16-17.16-17.16Z\"><\/path><path class=\"cls-2\" d=\"M35.46,40.3s-.08,0-.13-.02c-.26-.07-.41-.34-.34-.59,1.32-4.9,4.94-8.9,9.7-10.68.25-.09.53.03.62.28.09.25-.03.53-.28.62-4.47,1.68-7.87,5.43-9.11,10.03-.06.22-.25.36-.47.36Z\"><\/path><path class=\"cls-2\" d=\"M50.23,54.48c-.27,0-.48-.22-.48-.48s.22-.48.48-.48c5.37,0,9.74-4.37,9.74-9.74s-4.37-9.74-9.74-9.74-9.74,4.37-9.74,9.74c0,4.68,3.33,8.71,7.93,9.58.26.05.44.3.39.57-.05.26-.3.44-.57.39-5.05-.95-8.72-5.38-8.72-10.53,0-5.91,4.81-10.71,10.71-10.71s10.71,4.81,10.71,10.71-4.81,10.71-10.71,10.71Z\"><\/path><\/g><path class=\"cls-2\" d=\"M67.87,74.81h-17.64c-.27,0-.48-.22-.48-.48s.22-.48.48-.48h17.64c.27,0,.48.22.48.48s-.22.48-.48.48Z\"><\/path><path class=\"cls-2\" d=\"M47.75,74.81h-15.17c-.27,0-.48-.22-.48-.48s.22-.48.48-.48h15.17c.27,0,.48.22.48.48s-.22.48-.48.48Z\"><\/path><g><path class=\"cls-2\" d=\"M54.68,62.83h-8.91c-.27,0-.48-.22-.48-.48,0-.86.57-1.61,1.4-1.83,1.79-.49,2.52-.99,3.11-2.18.08-.16.25-.27.43-.27s.35.1.43.27c.59,1.18,1.31,1.69,3.11,2.18.82.22,1.4.98,1.4,1.83,0,.27-.22.48-.48.48ZM46.39,61.86h7.67c-.12-.2-.31-.35-.55-.41-1.49-.4-2.52-.87-3.29-1.95-.77,1.08-1.8,1.55-3.29,1.95-.23.06-.43.21-.55.41Z\"><\/path><path class=\"cls-2\" d=\"M50.23,59.04c-.27,0-.48-.22-.48-.48v-6.26c0-.27.22-.48.48-.48s.48.22.48.48v6.26c0,.27-.22.48-.48.48Z\"><\/path><path class=\"cls-2\" d=\"M50.23,52.77c-.19,0-.37-.11-.45-.29-.24-.56-.95-.98-1.78-1.46-1.4-.82-3.15-1.84-3.57-4.24-.35-1.97,1.17-6.9,1.24-7.11.06-.2.25-.34.46-.34h8.18c.21,0,.4.14.46.34.06.21,1.58,5.15,1.24,7.11-.42,2.4-2.17,3.42-3.57,4.24-.82.48-1.53.9-1.78,1.46-.08.18-.25.29-.44.29ZM46.5,40.3c-.47,1.58-1.34,4.98-1.11,6.32.35,1.96,1.75,2.78,3.1,3.57.66.38,1.29.75,1.73,1.24.44-.49,1.08-.86,1.73-1.24,1.36-.79,2.76-1.61,3.1-3.57.24-1.34-.64-4.74-1.11-6.32h-7.46Z\"><\/path><path class=\"cls-2\" d=\"M50.23,49.49c-.32,0-.63-.08-.9-.25l-.21-.13c-1.41-.82-2.28-1.39-2.51-2.72-.05-.27-.03-.72.06-1.37.03-.24.24-.42.48-.42h6.16c.24,0,.45.18.48.42.09.65.11,1.1.06,1.37-.23,1.33-1.11,1.9-2.51,2.72l-.21.13c-.27.16-.58.25-.9.25ZM47.58,45.58c-.04.44-.03.6-.02.65.15.87.68,1.26,2.05,2.05l.22.13c.25.14.57.14.81,0l.22-.13c1.36-.8,1.89-1.18,2.05-2.05,0-.05.03-.21-.02-.65h-5.31Z\"><\/path><\/g><\/g><\/svg>\t\t\t<\/div>\n\t\t<\/div>\n\t\t\t\t\t\t<\/div>\n\t\t\t\t<div class=\"elementor-element elementor-element-d8db7e6 elementor-widget elementor-widget-heading\" data-id=\"d8db7e6\" data-element_type=\"widget\" data-e-type=\"widget\" data-widget_type=\"heading.default\">\n\t\t\t\t\t<h5 class=\"elementor-heading-title elementor-size-default\">Atrae nuevos visitantes<\/h5>\t\t\t\t<\/div>\n\t\t\t\t<div class=\"elementor-element elementor-element-612b835 elementor-widget elementor-widget-text-editor\" data-id=\"612b835\" data-element_type=\"widget\" data-e-type=\"widget\" data-widget_type=\"text-editor.default\">\n\t\t\t\t\t\t\t\t\t<p>Tu vi\u00f1a tiene historias que contar. Haz que m\u00e1s turistas reserven tu actividad.<\/p>\t\t\t\t\t\t\t\t<\/div>\n\t\t\t\t<div class=\"elementor-element elementor-element-66d224b boton-sumate elementor-widget elementor-widget-button\" data-id=\"66d224b\" data-element_type=\"widget\" data-e-type=\"widget\" data-widget_type=\"button.default\">\n\t\t\t\t\t\t\t\t\t\t<a class=\"elementor-button elementor-button-link elementor-size-sm\" href=\"https:\/\/www.enoturismochile.cl\/constitution\/quienes-somos#contacto-sumate\">\n\t\t\t\t\t\t<span class=\"elementor-button-content-wrapper\">\n\t\t\t\t\t\t\t\t\t<span class=\"elementor-button-text\">S\u00famate aqu\u00ed<\/span>\n\t\t\t\t\t<\/span>\n\t\t\t\t\t<\/a>\n\t\t\t\t\t\t\t\t<\/div>\n\t\t\t\t<div class=\"elementor-element elementor-element-c6f88ef elementor-fixed elementor-hidden-tablet elementor-hidden-mobile elementor-view-default elementor-position-block-start elementor-mobile-position-block-start elementor-widget elementor-widget-icon-box\" data-id=\"c6f88ef\" data-element_type=\"widget\" data-e-type=\"widget\" data-settings=\"{&quot;_position&quot;:&quot;fixed&quot;}\" data-widget_type=\"icon-box.default\">\n\t\t\t\t\t\t\t<div class=\"elementor-icon-box-wrapper\">\n\n\t\t\t\t\t\t<div class=\"elementor-icon-box-icon\">\n\t\t\t\t<a href=\"#sumate\" class=\"elementor-icon\" tabindex=\"-1\" aria-label=\"\u00a1S\u00famate &lt;br&gt;aqu\u00ed!\">\n\t\t\t\t<svg xmlns=\"http:\/\/www.w3.org\/2000\/svg\" id=\"Capa_1\" data-name=\"Capa 1\" viewBox=\"0 0 100.46 100.46\"><defs><style> .cls-1 { fill: #fff; } .cls-2 { fill: #3e396d; } <\/style><\/defs><circle class=\"cls-2\" cx=\"50.23\" cy=\"50.23\" r=\"50.23\"><\/circle><g><g><path class=\"cls-1\" d=\"M50.23,74.81c-.14,0-.28-.06-.37-.17-.72-.86-17.75-21.06-17.75-30.87s8.13-18.13,18.13-18.13,18.12,8.13,18.12,18.13-17.03,30.01-17.75,30.87c-.09.11-.23.17-.37.17ZM50.23,26.62c-9.46,0-17.16,7.7-17.16,17.16,0,8.68,14.62,26.74,17.16,29.8,2.53-3.06,17.16-21.12,17.16-29.8,0-9.46-7.7-17.16-17.16-17.16Z\"><\/path><path class=\"cls-1\" d=\"M35.46,40.3s-.08,0-.13-.02c-.26-.07-.41-.34-.34-.59,1.32-4.9,4.94-8.9,9.7-10.68.25-.09.53.03.62.28.09.25-.03.53-.28.62-4.47,1.68-7.87,5.43-9.11,10.03-.06.22-.25.36-.47.36Z\"><\/path><path class=\"cls-1\" d=\"M50.23,54.48c-.27,0-.48-.22-.48-.48s.22-.48.48-.48c5.37,0,9.74-4.37,9.74-9.74s-4.37-9.74-9.74-9.74-9.74,4.37-9.74,9.74c0,4.68,3.33,8.71,7.93,9.58.26.05.44.3.39.57-.05.26-.3.44-.57.39-5.05-.95-8.72-5.38-8.72-10.53,0-5.91,4.81-10.71,10.71-10.71s10.71,4.81,10.71,10.71-4.81,10.71-10.71,10.71Z\"><\/path><\/g><path class=\"cls-1\" d=\"M67.87,74.81h-17.64c-.27,0-.48-.22-.48-.48s.22-.48.48-.48h17.64c.27,0,.48.22.48.48s-.22.48-.48.48Z\"><\/path><path class=\"cls-1\" d=\"M47.75,74.81h-15.17c-.27,0-.48-.22-.48-.48s.22-.48.48-.48h15.17c.27,0,.48.22.48.48s-.22.48-.48.48Z\"><\/path><g><path class=\"cls-1\" d=\"M54.68,62.83h-8.91c-.27,0-.48-.22-.48-.48,0-.86.57-1.61,1.4-1.83,1.79-.49,2.52-.99,3.11-2.18.08-.16.25-.27.43-.27s.35.1.43.27c.59,1.18,1.31,1.69,3.11,2.18.82.22,1.4.98,1.4,1.83,0,.27-.22.48-.48.48ZM46.39,61.86h7.67c-.12-.2-.31-.35-.55-.41-1.49-.4-2.52-.87-3.29-1.95-.77,1.08-1.8,1.55-3.29,1.95-.23.06-.43.21-.55.41Z\"><\/path><path class=\"cls-1\" d=\"M50.23,59.04c-.27,0-.48-.22-.48-.48v-6.26c0-.27.22-.48.48-.48s.48.22.48.48v6.26c0,.27-.22.48-.48.48Z\"><\/path><path class=\"cls-1\" d=\"M50.23,52.77c-.19,0-.37-.11-.45-.29-.24-.56-.95-.98-1.78-1.46-1.4-.82-3.15-1.84-3.57-4.24-.35-1.97,1.17-6.9,1.24-7.11.06-.2.25-.34.46-.34h8.18c.21,0,.4.14.46.34.06.21,1.58,5.15,1.24,7.11-.42,2.4-2.17,3.42-3.57,4.24-.82.48-1.53.9-1.78,1.46-.08.18-.25.29-.44.29ZM46.5,40.3c-.47,1.58-1.34,4.98-1.11,6.32.35,1.96,1.75,2.78,3.1,3.57.66.38,1.29.75,1.73,1.24.44-.49,1.08-.86,1.73-1.24,1.36-.79,2.76-1.61,3.1-3.57.24-1.34-.64-4.74-1.11-6.32h-7.46Z\"><\/path><path class=\"cls-1\" d=\"M50.23,49.49c-.32,0-.63-.08-.9-.25l-.21-.13c-1.41-.82-2.28-1.39-2.51-2.72-.05-.27-.03-.72.06-1.37.03-.24.24-.42.48-.42h6.16c.24,0,.45.18.48.42.09.65.11,1.1.06,1.37-.23,1.33-1.11,1.9-2.51,2.72l-.21.13c-.27.16-.58.25-.9.25ZM47.58,45.58c-.04.44-.03.6-.02.65.15.87.68,1.26,2.05,2.05l.22.13c.25.14.57.14.81,0l.22-.13c1.36-.8,1.89-1.18,2.05-2.05,0-.05.03-.21-.02-.65h-5.31Z\"><\/path><\/g><\/g><\/svg>\t\t\t\t<\/a>\n\t\t\t<\/div>\n\t\t\t\n\t\t\t\t\t\t<div class=\"elementor-icon-box-content\">\n\n\t\t\t\t\t\t\t\t\t<p class=\"elementor-icon-box-title\">\n\t\t\t\t\t\t<a href=\"#sumate\" >\n\t\t\t\t\t\t\t\u00a1S\u00famate <br>aqu\u00ed!\t\t\t\t\t\t<\/a>\n\t\t\t\t\t<\/p>\n\t\t\t\t\n\t\t\t\t\n\t\t\t<\/div>\n\t\t\t\n\t\t<\/div>\n\t\t\t\t\t\t<\/div>\n\t\t\t\t\t<\/div>\n\t\t\t\t<\/div>\n\t\t\t\t<\/footer>\n\t\t\n","protected":false},"excerpt":{"rendered":"<p>Encuentra tu pr\u00f3xima experiencia enotur\u00edstica entre cerca de 200 propuestas en todo Chile. Desc\u00fabrelas por valle, vi\u00f1a, tipo de experiencia o fecha, conoce sus detalles y reserva directamente para disfrutar la diversidad del enoturismo chileno en todas sus formas y paisajes.<\/p>\n","protected":false},"author":2,"featured_media":0,"parent":0,"menu_order":0,"comment_status":"closed","ping_status":"closed","template":"","meta":{"footnotes":""},"class_list":["post-10895","page","type-page","status-publish","hentry"],"yoast_head":"<!-- This site is optimized with the Yoast SEO plugin v27.3 - https:\/\/yoast.com\/product\/yoast-seo-wordpress\/ -->\n<title>Experiencias - Enoturismo Chile<\/title>\n<meta name=\"robots\" content=\"noindex, follow, max-snippet:-1, max-image-preview:large, max-video-preview:-1\" \/>\n<meta property=\"og:locale\" content=\"es_ES\" \/>\n<meta property=\"og:type\" content=\"article\" \/>\n<meta property=\"og:title\" content=\"Experiencias - Enoturismo Chile\" \/>\n<meta property=\"og:description\" content=\"Encuentra tu pr\u00f3xima experiencia enotur\u00edstica entre cerca de 200 propuestas en todo Chile. Desc\u00fabrelas por valle, vi\u00f1a, tipo de experiencia o fecha, conoce sus detalles y reserva directamente para disfrutar la diversidad del enoturismo chileno en todas sus formas y paisajes.\" \/>\n<meta property=\"og:url\" content=\"https:\/\/www.enoturismochile.cl\/constitution\/directory-experiencias\/\" \/>\n<meta property=\"og:site_name\" content=\"Enoturismo Chile\" \/>\n<meta property=\"article:modified_time\" content=\"2025-10-21T07:10:22+00:00\" \/>\n<meta name=\"twitter:card\" content=\"summary_large_image\" \/>\n<meta name=\"twitter:label1\" content=\"Tiempo de lectura\" \/>\n\t<meta name=\"twitter:data1\" content=\"1 minuto\" \/>\n<script type=\"application\/ld+json\" class=\"yoast-schema-graph\">{\"@context\":\"https:\\\/\\\/schema.org\",\"@graph\":[{\"@type\":\"WebPage\",\"@id\":\"https:\\\/\\\/www.enoturismochile.cl\\\/constitution\\\/directory-experiencias\\\/\",\"url\":\"https:\\\/\\\/www.enoturismochile.cl\\\/constitution\\\/directory-experiencias\\\/\",\"name\":\"Experiencias - Enoturismo Chile\",\"isPartOf\":{\"@id\":\"https:\\\/\\\/www.enoturismochile.cl\\\/constitution\\\/#website\"},\"datePublished\":\"2025-08-13T15:39:17+00:00\",\"dateModified\":\"2025-10-21T07:10:22+00:00\",\"breadcrumb\":{\"@id\":\"https:\\\/\\\/www.enoturismochile.cl\\\/constitution\\\/directory-experiencias\\\/#breadcrumb\"},\"inLanguage\":\"es\",\"potentialAction\":[{\"@type\":\"ReadAction\",\"target\":[\"https:\\\/\\\/www.enoturismochile.cl\\\/constitution\\\/directory-experiencias\\\/\"]}]},{\"@type\":\"BreadcrumbList\",\"@id\":\"https:\\\/\\\/www.enoturismochile.cl\\\/constitution\\\/directory-experiencias\\\/#breadcrumb\",\"itemListElement\":[{\"@type\":\"ListItem\",\"position\":1,\"name\":\"Portada\",\"item\":\"https:\\\/\\\/www.enoturismochile.cl\\\/constitution\\\/\"},{\"@type\":\"ListItem\",\"position\":2,\"name\":\"Experiencias\"}]},{\"@type\":\"WebSite\",\"@id\":\"https:\\\/\\\/www.enoturismochile.cl\\\/constitution\\\/#website\",\"url\":\"https:\\\/\\\/www.enoturismochile.cl\\\/constitution\\\/\",\"name\":\"Enoturismo Chile\",\"description\":\"\",\"publisher\":{\"@id\":\"https:\\\/\\\/www.enoturismochile.cl\\\/constitution\\\/#organization\"},\"potentialAction\":[{\"@type\":\"SearchAction\",\"target\":{\"@type\":\"EntryPoint\",\"urlTemplate\":\"https:\\\/\\\/www.enoturismochile.cl\\\/constitution\\\/?s={search_term_string}\"},\"query-input\":{\"@type\":\"PropertyValueSpecification\",\"valueRequired\":true,\"valueName\":\"search_term_string\"}}],\"inLanguage\":\"es\"},{\"@type\":\"Organization\",\"@id\":\"https:\\\/\\\/www.enoturismochile.cl\\\/constitution\\\/#organization\",\"name\":\"Enoturismo Chile\",\"url\":\"https:\\\/\\\/www.enoturismochile.cl\\\/constitution\\\/\",\"logo\":{\"@type\":\"ImageObject\",\"inLanguage\":\"es\",\"@id\":\"https:\\\/\\\/www.enoturismochile.cl\\\/constitution\\\/#\\\/schema\\\/logo\\\/image\\\/\",\"url\":\"https:\\\/\\\/www.enoturismochile.cl\\\/constitution\\\/wp-content\\\/uploads\\\/2020\\\/07\\\/logo-et-2020.png\",\"contentUrl\":\"https:\\\/\\\/www.enoturismochile.cl\\\/constitution\\\/wp-content\\\/uploads\\\/2020\\\/07\\\/logo-et-2020.png\",\"width\":300,\"height\":154,\"caption\":\"Enoturismo Chile\"},\"image\":{\"@id\":\"https:\\\/\\\/www.enoturismochile.cl\\\/constitution\\\/#\\\/schema\\\/logo\\\/image\\\/\"}}]}<\/script>\n<!-- \/ Yoast SEO plugin. -->","yoast_head_json":{"title":"Experiencias - Enoturismo Chile","robots":{"index":"noindex","follow":"follow","max-snippet":"max-snippet:-1","max-image-preview":"max-image-preview:large","max-video-preview":"max-video-preview:-1"},"og_locale":"es_ES","og_type":"article","og_title":"Experiencias - Enoturismo Chile","og_description":"Encuentra tu pr\u00f3xima experiencia enotur\u00edstica entre cerca de 200 propuestas en todo Chile. Desc\u00fabrelas por valle, vi\u00f1a, tipo de experiencia o fecha, conoce sus detalles y reserva directamente para disfrutar la diversidad del enoturismo chileno en todas sus formas y paisajes.","og_url":"https:\/\/www.enoturismochile.cl\/constitution\/directory-experiencias\/","og_site_name":"Enoturismo Chile","article_modified_time":"2025-10-21T07:10:22+00:00","twitter_card":"summary_large_image","twitter_misc":{"Tiempo de lectura":"1 minuto"},"schema":{"@context":"https:\/\/schema.org","@graph":[{"@type":"WebPage","@id":"https:\/\/www.enoturismochile.cl\/constitution\/directory-experiencias\/","url":"https:\/\/www.enoturismochile.cl\/constitution\/directory-experiencias\/","name":"Experiencias - Enoturismo Chile","isPartOf":{"@id":"https:\/\/www.enoturismochile.cl\/constitution\/#website"},"datePublished":"2025-08-13T15:39:17+00:00","dateModified":"2025-10-21T07:10:22+00:00","breadcrumb":{"@id":"https:\/\/www.enoturismochile.cl\/constitution\/directory-experiencias\/#breadcrumb"},"inLanguage":"es","potentialAction":[{"@type":"ReadAction","target":["https:\/\/www.enoturismochile.cl\/constitution\/directory-experiencias\/"]}]},{"@type":"BreadcrumbList","@id":"https:\/\/www.enoturismochile.cl\/constitution\/directory-experiencias\/#breadcrumb","itemListElement":[{"@type":"ListItem","position":1,"name":"Portada","item":"https:\/\/www.enoturismochile.cl\/constitution\/"},{"@type":"ListItem","position":2,"name":"Experiencias"}]},{"@type":"WebSite","@id":"https:\/\/www.enoturismochile.cl\/constitution\/#website","url":"https:\/\/www.enoturismochile.cl\/constitution\/","name":"Enoturismo Chile","description":"","publisher":{"@id":"https:\/\/www.enoturismochile.cl\/constitution\/#organization"},"potentialAction":[{"@type":"SearchAction","target":{"@type":"EntryPoint","urlTemplate":"https:\/\/www.enoturismochile.cl\/constitution\/?s={search_term_string}"},"query-input":{"@type":"PropertyValueSpecification","valueRequired":true,"valueName":"search_term_string"}}],"inLanguage":"es"},{"@type":"Organization","@id":"https:\/\/www.enoturismochile.cl\/constitution\/#organization","name":"Enoturismo Chile","url":"https:\/\/www.enoturismochile.cl\/constitution\/","logo":{"@type":"ImageObject","inLanguage":"es","@id":"https:\/\/www.enoturismochile.cl\/constitution\/#\/schema\/logo\/image\/","url":"https:\/\/www.enoturismochile.cl\/constitution\/wp-content\/uploads\/2020\/07\/logo-et-2020.png","contentUrl":"https:\/\/www.enoturismochile.cl\/constitution\/wp-content\/uploads\/2020\/07\/logo-et-2020.png","width":300,"height":154,"caption":"Enoturismo Chile"},"image":{"@id":"https:\/\/www.enoturismochile.cl\/constitution\/#\/schema\/logo\/image\/"}}]}},"_links":{"self":[{"href":"https:\/\/www.enoturismochile.cl\/constitution\/wp-json\/wp\/v2\/pages\/10895","targetHints":{"allow":["GET"]}}],"collection":[{"href":"https:\/\/www.enoturismochile.cl\/constitution\/wp-json\/wp\/v2\/pages"}],"about":[{"href":"https:\/\/www.enoturismochile.cl\/constitution\/wp-json\/wp\/v2\/types\/page"}],"author":[{"embeddable":true,"href":"https:\/\/www.enoturismochile.cl\/constitution\/wp-json\/wp\/v2\/users\/2"}],"replies":[{"embeddable":true,"href":"https:\/\/www.enoturismochile.cl\/constitution\/wp-json\/wp\/v2\/comments?post=10895"}],"version-history":[{"count":8,"href":"https:\/\/www.enoturismochile.cl\/constitution\/wp-json\/wp\/v2\/pages\/10895\/revisions"}],"predecessor-version":[{"id":15243,"href":"https:\/\/www.enoturismochile.cl\/constitution\/wp-json\/wp\/v2\/pages\/10895\/revisions\/15243"}],"wp:attachment":[{"href":"https:\/\/www.enoturismochile.cl\/constitution\/wp-json\/wp\/v2\/media?parent=10895"}],"curies":[{"name":"wp","href":"https:\/\/api.w.org\/{rel}","templated":true}]}}