{"id":1598,"date":"2018-08-31T23:11:02","date_gmt":"2018-08-31T23:11:02","guid":{"rendered":"https:\/\/www.enoturismochile.cl\/?page_id=1598"},"modified":"2018-08-31T23:11:02","modified_gmt":"2018-08-31T23:11:02","slug":"maridajeperfecto-maule","status":"publish","type":"page","link":"https:\/\/www.enoturismochile.cl\/constitution\/maridaje-perfecto\/maridajeperfecto-maule\/","title":{"rendered":"Valle del Maule"},"content":{"rendered":"<div class=\"row no-gutters\">\n<figure class=\"figure col-6 col-sm-3\"><a href=\"https:\/\/www.enoturismochile.cl\/constitution\/maridaje-perfecto\/\"><img fetchpriority=\"high\" decoding=\"async\" class=\"figure-img img-fluid alignnone wp-image-1565 size-medium\" src=\"https:\/\/www.enoturismochile.cl\/constitution\/wp-content\/uploads\/2018\/08\/maridajeperfecto-300x300.jpg\" alt=\"\" width=\"300\" height=\"300\" srcset=\"https:\/\/www.enoturismochile.cl\/constitution\/wp-content\/uploads\/2018\/08\/maridajeperfecto-300x300.jpg 300w, https:\/\/www.enoturismochile.cl\/constitution\/wp-content\/uploads\/2018\/08\/maridajeperfecto-150x150.jpg 150w, https:\/\/www.enoturismochile.cl\/constitution\/wp-content\/uploads\/2018\/08\/maridajeperfecto-768x768.jpg 768w, https:\/\/www.enoturismochile.cl\/constitution\/wp-content\/uploads\/2018\/08\/maridajeperfecto-1024x1024.jpg 1024w, https:\/\/www.enoturismochile.cl\/constitution\/wp-content\/uploads\/2018\/08\/maridajeperfecto.jpg 1200w\" sizes=\"(max-width: 300px) 100vw, 300px\" \/><\/a><\/figure>\n<figure class=\"figure col-6 col-sm-3\"><img decoding=\"async\" class=\"figure-img img-fluid alignnone wp-image-1599 size-medium\" src=\"https:\/\/www.enoturismochile.cl\/constitution\/wp-content\/uploads\/2018\/08\/Maule-Soltero-300x300.jpg\" alt=\"\" width=\"300\" height=\"300\" srcset=\"https:\/\/www.enoturismochile.cl\/constitution\/wp-content\/uploads\/2018\/08\/Maule-Soltero-300x300.jpg 300w, https:\/\/www.enoturismochile.cl\/constitution\/wp-content\/uploads\/2018\/08\/Maule-Soltero-150x150.jpg 150w, https:\/\/www.enoturismochile.cl\/constitution\/wp-content\/uploads\/2018\/08\/Maule-Soltero-768x768.jpg 768w, https:\/\/www.enoturismochile.cl\/constitution\/wp-content\/uploads\/2018\/08\/Maule-Soltero-1024x1024.jpg 1024w, https:\/\/www.enoturismochile.cl\/constitution\/wp-content\/uploads\/2018\/08\/Maule-Soltero.jpg 1200w\" sizes=\"(max-width: 300px) 100vw, 300px\" \/><\/figure>\n<figure class=\"figure col-6 col-sm-3\"><img decoding=\"async\" class=\"figure-img img-fluid alignnone wp-image-1600 size-medium\" src=\"https:\/\/www.enoturismochile.cl\/constitution\/wp-content\/uploads\/2018\/08\/Maule-Grupo-de-Amigos-300x300.jpg\" alt=\"\" width=\"300\" height=\"300\" srcset=\"https:\/\/www.enoturismochile.cl\/constitution\/wp-content\/uploads\/2018\/08\/Maule-Grupo-de-Amigos-300x300.jpg 300w, https:\/\/www.enoturismochile.cl\/constitution\/wp-content\/uploads\/2018\/08\/Maule-Grupo-de-Amigos-150x150.jpg 150w, https:\/\/www.enoturismochile.cl\/constitution\/wp-content\/uploads\/2018\/08\/Maule-Grupo-de-Amigos-768x768.jpg 768w, https:\/\/www.enoturismochile.cl\/constitution\/wp-content\/uploads\/2018\/08\/Maule-Grupo-de-Amigos-1024x1024.jpg 1024w, https:\/\/www.enoturismochile.cl\/constitution\/wp-content\/uploads\/2018\/08\/Maule-Grupo-de-Amigos.jpg 1200w\" sizes=\"(max-width: 300px) 100vw, 300px\" \/><\/figure>\n<figure class=\"figure col-6 col-sm-3\"><img loading=\"lazy\" decoding=\"async\" class=\"figure-img img-fluid alignnone wp-image-1601 size-medium\" src=\"https:\/\/www.enoturismochile.cl\/constitution\/wp-content\/uploads\/2018\/08\/Maule-Soltera-300x300.jpg\" alt=\"\" width=\"300\" height=\"300\" srcset=\"https:\/\/www.enoturismochile.cl\/constitution\/wp-content\/uploads\/2018\/08\/Maule-Soltera-300x300.jpg 300w, https:\/\/www.enoturismochile.cl\/constitution\/wp-content\/uploads\/2018\/08\/Maule-Soltera-150x150.jpg 150w, https:\/\/www.enoturismochile.cl\/constitution\/wp-content\/uploads\/2018\/08\/Maule-Soltera-768x768.jpg 768w, https:\/\/www.enoturismochile.cl\/constitution\/wp-content\/uploads\/2018\/08\/Maule-Soltera-1024x1024.jpg 1024w, https:\/\/www.enoturismochile.cl\/constitution\/wp-content\/uploads\/2018\/08\/Maule-Soltera.jpg 1200w\" sizes=\"(max-width: 300px) 100vw, 300px\" \/><\/figure>\n<\/div>\n<div class=\"row\">\n<div class=\"col-md-6\">\n<p style=\"font-size: 1.1rem;\">El Valle del Maule es el lugar perfecto para escapar del ajetreo y del estr\u00e9s de la ciudad y disfrutar de la tranquilidad y la pausa que ofrece su gente, c\u00e1lida y hospitalaria, experta en darle al turista lo mejor de su tierra.<\/p>\n<p style=\"font-size: 1.1rem;\">Es un lugar para reencontrarse con lo aut\u00e9ntico y donde la historia se hace presente a cada paso del paisaje.<\/p>\n<\/div>\n<div class=\"col-md-6\">\n<p style=\"font-size: 1.1rem;\">En el Maule la naturaleza ofrece su rostro m\u00e1s f\u00e9rtil y generoso, con una de las gastronom\u00edas m\u00e1s representativas de nuestra tierra los tintos de tradici\u00f3n gozan de una vitalidad \u00fanica al alcance de todos.<\/p>\n<\/div>\n<\/div>\n<div class=\"row mt-4\">\n<div class=\"col-md-6\">\n<div class=\"media\">\n        <img loading=\"lazy\" decoding=\"async\" src=\"https:\/\/www.enoturismochile.cl\/constitution\/wp-content\/uploads\/2018\/10\/Direccion.png\" alt=\"\u00bfC\u00f3mo llegar?\" width=\"65\" height=\"64\" class=\"align-self-start mr-3\"><\/p>\n<div class=\"media-body\">\n<h5 class=\"mt-0\">\u00bfC\u00f3mo llegar?<\/h5>\n<p>Auto \u2013 3 horas desde Santiago (250 km), tomando Autopista Central y luego Ruta 5 Sur, tomando el desv\u00edo hacia la ciudad de Talca.<\/p>\n<\/p><\/div>\n<\/p><\/div>\n<\/p><\/div>\n<div class=\"col-md-6\">\n<div class=\"media\">\n        <img loading=\"lazy\" decoding=\"async\" src=\"https:\/\/www.enoturismochile.cl\/constitution\/wp-content\/uploads\/2018\/10\/Hotel.png\" alt=\"Alojamientos\" width=\"65\" height=\"64\" class=\"align-self-start mr-3\"><\/p>\n<div class=\"media-body\">\n<h5 class=\"mt-0\">Alojamientos<\/h5>\n<p><a href=\"http:\/\/casabouchon.com\/\" target=\"_blank\" rel=\"noopener noreferrer\">Casa Bouchon<\/a>, <a href=\"http:\/\/www.tabonko.cl\/\" target=\"_blank\" rel=\"noopener noreferrer\">Tabonk\u00f6<\/a>, <a href=\"http:\/\/www.hotelmily.cl\/\" target=\"_blank\" rel=\"noopener noreferrer\">Hotel Mily<\/a>, <a href=\"http:\/\/nhconstitucion.cl\/\" target=\"_blank\" rel=\"noopener noreferrer\">Hotel NH Constituci\u00f3n<\/a>, <a href=\"http:\/\/www.casinotalca.cl\/hotel-2\/\" target=\"_blank\" rel=\"noopener noreferrer\">Hotel Casino Talca<\/a>, <a href=\"http:\/\/www.eurocharlesclub.com\/\" target=\"_blank\" rel=\"noopener noreferrer\">Hotel Euro Charles<\/a>.<\/p>\n<\/p><\/div>\n<\/p><\/div>\n<\/p><\/div>\n<div class=\"col-md-6\">\n<div class=\"media\">\n        <img loading=\"lazy\" decoding=\"async\" src=\"https:\/\/www.enoturismochile.cl\/constitution\/wp-content\/uploads\/2018\/10\/Vinas.png\" alt=\"Vi\u00f1as abiertas al turismo\" width=\"65\" height=\"64\" class=\"align-self-start mr-3\"><\/p>\n<div class=\"media-body\">\n<h5 class=\"mt-0\">Vi\u00f1as abiertas al turismo<\/h5>\n<p><a href=\"http:\/\/gillmorewines.cl\/\" target=\"_blank\" rel=\"noopener noreferrer\">Vi\u00f1a Gillmore<\/a>, <a href=\"http:\/\/viawines.com\/inicio\/\" target=\"_blank\" rel=\"noopener noreferrer\">V\u00eda Wines<\/a>, <a href=\"http:\/\/bouchonfamilywines.com\/home\/\" target=\"_blank\" rel=\"noopener noreferrer\">Bouchon Family Wines<\/a>, <a href=\"https:\/\/www.corralvictoria.cl\/\" target=\"_blank\" rel=\"noopener noreferrer\">Corral Victoria<\/a>, <a href=\"http:\/\/www.balduzzi.com\/\" target=\"_blank\" rel=\"noopener noreferrer\">Balduzzi<\/a>, <a href=\"http:\/\/www.erasmo.bio\/\">Erasmo<\/a>, <a href=\"http:\/\/www.casadonoso.cl\/\" target=\"_blank\" rel=\"noopener noreferrer\">Casa Donoso<\/a>, <a href=\"http:\/\/www.cooploncomilla.cl\/index_es.php\" target=\"_blank\" rel=\"noopener noreferrer\">Cooperativa Loncomilla<\/a>, <a href=\"http:\/\/www.lasveletas.cl\/\" target=\"_blank\" rel=\"noopener noreferrer\">Vi\u00f1a Las Veletas<\/a>, <a href=\"http:\/\/www.vinosgonzalezbastias.com\/inicio.html\" target=\"_blank\" rel=\"noopener noreferrer\">Vi\u00f1a Gonz\u00e1lez Bast\u00edas<\/a><\/p>\n<\/p><\/div>\n<\/p><\/div>\n<\/p><\/div>\n<div class=\"col-md-6\">\n<div class=\"media\">\n        <img loading=\"lazy\" decoding=\"async\" src=\"https:\/\/www.enoturismochile.cl\/constitution\/wp-content\/uploads\/2018\/10\/Restaurant.png\" alt=\"Restaurantes\" width=\"65\" height=\"64\" class=\"align-self-start mr-3\"><\/p>\n<div class=\"media-body\">\n<h5 class=\"mt-0\">Restaurantes<\/h5>\n<p><a href=\"http:\/\/www.casadonoso.cl\/enoturismo\/\" target=\"_blank\" rel=\"noopener noreferrer\">Casa Donoso<\/a>, <a href=\"https:\/\/www.corralvictoria.cl\/\" target=\"_blank\" rel=\"noopener noreferrer\">Vi\u00f1a Corral Victoria<\/a>, <a href=\"http:\/\/www.torobayorestaurante.cl\/\" target=\"_blank\" rel=\"noopener noreferrer\">Toro Bayo<\/a>, <a href=\"http:\/\/www.lasviejascochinas.cl\/\" target=\"_blank\" rel=\"noopener noreferrer\">Las Viejas Cochinas<\/a>.<\/p>\n<\/p><\/div>\n<\/p><\/div>\n<\/p><\/div>\n<\/div>\n","protected":false},"excerpt":{"rendered":"<p>El Valle del Maule es el lugar perfecto para escapar del ajetreo y del estr\u00e9s de la ciudad y disfrutar de la tranquilidad y la pausa que ofrece su gente, c\u00e1lida y hospitalaria, experta en darle al turista lo mejor de su tierra. Es un lugar para reencontrarse con lo aut\u00e9ntico y donde la historia [&hellip;]<\/p>\n","protected":false},"author":2,"featured_media":0,"parent":1511,"menu_order":0,"comment_status":"closed","ping_status":"closed","template":"","meta":{"footnotes":""},"class_list":["post-1598","page","type-page","status-publish","hentry"],"yoast_head":"<!-- This site is optimized with the Yoast SEO plugin v27.3 - https:\/\/yoast.com\/product\/yoast-seo-wordpress\/ -->\n<title>Valle del Maule - Enoturismo Chile<\/title>\n<meta name=\"robots\" content=\"noindex, follow, max-snippet:-1, max-image-preview:large, max-video-preview:-1\" \/>\n<meta property=\"og:locale\" content=\"es_ES\" \/>\n<meta property=\"og:type\" content=\"article\" \/>\n<meta property=\"og:title\" content=\"Valle del Maule - Enoturismo Chile\" \/>\n<meta property=\"og:description\" content=\"El Valle del Maule es el lugar perfecto para escapar del ajetreo y del estr\u00e9s de la ciudad y disfrutar de la tranquilidad y la pausa que ofrece su gente, c\u00e1lida y hospitalaria, experta en darle al turista lo mejor de su tierra. Es un lugar para reencontrarse con lo aut\u00e9ntico y donde la historia [&hellip;]\" \/>\n<meta property=\"og:url\" content=\"https:\/\/www.enoturismochile.cl\/constitution\/maridaje-perfecto\/maridajeperfecto-maule\/\" \/>\n<meta property=\"og:site_name\" content=\"Enoturismo Chile\" \/>\n<meta property=\"og:image\" content=\"https:\/\/www.enoturismochile.cl\/constitution\/wp-content\/uploads\/2018\/08\/maridajeperfecto-300x300.jpg\" \/>\n<meta name=\"twitter:card\" content=\"summary_large_image\" \/>\n<meta name=\"twitter:label1\" content=\"Tiempo de lectura\" \/>\n\t<meta name=\"twitter:data1\" content=\"1 minuto\" \/>\n<script type=\"application\/ld+json\" class=\"yoast-schema-graph\">{\"@context\":\"https:\\\/\\\/schema.org\",\"@graph\":[{\"@type\":\"WebPage\",\"@id\":\"https:\\\/\\\/www.enoturismochile.cl\\\/constitution\\\/maridaje-perfecto\\\/maridajeperfecto-maule\\\/\",\"url\":\"https:\\\/\\\/www.enoturismochile.cl\\\/constitution\\\/maridaje-perfecto\\\/maridajeperfecto-maule\\\/\",\"name\":\"Valle del Maule - Enoturismo Chile\",\"isPartOf\":{\"@id\":\"https:\\\/\\\/www.enoturismochile.cl\\\/constitution\\\/#website\"},\"primaryImageOfPage\":{\"@id\":\"https:\\\/\\\/www.enoturismochile.cl\\\/constitution\\\/maridaje-perfecto\\\/maridajeperfecto-maule\\\/#primaryimage\"},\"image\":{\"@id\":\"https:\\\/\\\/www.enoturismochile.cl\\\/constitution\\\/maridaje-perfecto\\\/maridajeperfecto-maule\\\/#primaryimage\"},\"thumbnailUrl\":\"https:\\\/\\\/www.enoturismochile.cl\\\/constitution\\\/wp-content\\\/uploads\\\/2018\\\/08\\\/maridajeperfecto-300x300.jpg\",\"datePublished\":\"2018-08-31T23:11:02+00:00\",\"breadcrumb\":{\"@id\":\"https:\\\/\\\/www.enoturismochile.cl\\\/constitution\\\/maridaje-perfecto\\\/maridajeperfecto-maule\\\/#breadcrumb\"},\"inLanguage\":\"es\",\"potentialAction\":[{\"@type\":\"ReadAction\",\"target\":[\"https:\\\/\\\/www.enoturismochile.cl\\\/constitution\\\/maridaje-perfecto\\\/maridajeperfecto-maule\\\/\"]}]},{\"@type\":\"ImageObject\",\"inLanguage\":\"es\",\"@id\":\"https:\\\/\\\/www.enoturismochile.cl\\\/constitution\\\/maridaje-perfecto\\\/maridajeperfecto-maule\\\/#primaryimage\",\"url\":\"https:\\\/\\\/www.enoturismochile.cl\\\/constitution\\\/wp-content\\\/uploads\\\/2018\\\/08\\\/maridajeperfecto.jpg\",\"contentUrl\":\"https:\\\/\\\/www.enoturismochile.cl\\\/constitution\\\/wp-content\\\/uploads\\\/2018\\\/08\\\/maridajeperfecto.jpg\",\"width\":1200,\"height\":1200},{\"@type\":\"BreadcrumbList\",\"@id\":\"https:\\\/\\\/www.enoturismochile.cl\\\/constitution\\\/maridaje-perfecto\\\/maridajeperfecto-maule\\\/#breadcrumb\",\"itemListElement\":[{\"@type\":\"ListItem\",\"position\":1,\"name\":\"Portada\",\"item\":\"https:\\\/\\\/www.enoturismochile.cl\\\/constitution\\\/\"},{\"@type\":\"ListItem\",\"position\":2,\"name\":\"Maridaje Perfecto\",\"item\":\"https:\\\/\\\/www.enoturismochile.cl\\\/constitution\\\/maridaje-perfecto\\\/\"},{\"@type\":\"ListItem\",\"position\":3,\"name\":\"Valle del Maule\"}]},{\"@type\":\"WebSite\",\"@id\":\"https:\\\/\\\/www.enoturismochile.cl\\\/constitution\\\/#website\",\"url\":\"https:\\\/\\\/www.enoturismochile.cl\\\/constitution\\\/\",\"name\":\"Enoturismo Chile\",\"description\":\"\",\"publisher\":{\"@id\":\"https:\\\/\\\/www.enoturismochile.cl\\\/constitution\\\/#organization\"},\"potentialAction\":[{\"@type\":\"SearchAction\",\"target\":{\"@type\":\"EntryPoint\",\"urlTemplate\":\"https:\\\/\\\/www.enoturismochile.cl\\\/constitution\\\/?s={search_term_string}\"},\"query-input\":{\"@type\":\"PropertyValueSpecification\",\"valueRequired\":true,\"valueName\":\"search_term_string\"}}],\"inLanguage\":\"es\"},{\"@type\":\"Organization\",\"@id\":\"https:\\\/\\\/www.enoturismochile.cl\\\/constitution\\\/#organization\",\"name\":\"Enoturismo Chile\",\"url\":\"https:\\\/\\\/www.enoturismochile.cl\\\/constitution\\\/\",\"logo\":{\"@type\":\"ImageObject\",\"inLanguage\":\"es\",\"@id\":\"https:\\\/\\\/www.enoturismochile.cl\\\/constitution\\\/#\\\/schema\\\/logo\\\/image\\\/\",\"url\":\"https:\\\/\\\/www.enoturismochile.cl\\\/constitution\\\/wp-content\\\/uploads\\\/2020\\\/07\\\/logo-et-2020.png\",\"contentUrl\":\"https:\\\/\\\/www.enoturismochile.cl\\\/constitution\\\/wp-content\\\/uploads\\\/2020\\\/07\\\/logo-et-2020.png\",\"width\":300,\"height\":154,\"caption\":\"Enoturismo Chile\"},\"image\":{\"@id\":\"https:\\\/\\\/www.enoturismochile.cl\\\/constitution\\\/#\\\/schema\\\/logo\\\/image\\\/\"}}]}<\/script>\n<!-- \/ Yoast SEO plugin. -->","yoast_head_json":{"title":"Valle del Maule - Enoturismo Chile","robots":{"index":"noindex","follow":"follow","max-snippet":"max-snippet:-1","max-image-preview":"max-image-preview:large","max-video-preview":"max-video-preview:-1"},"og_locale":"es_ES","og_type":"article","og_title":"Valle del Maule - Enoturismo Chile","og_description":"El Valle del Maule es el lugar perfecto para escapar del ajetreo y del estr\u00e9s de la ciudad y disfrutar de la tranquilidad y la pausa que ofrece su gente, c\u00e1lida y hospitalaria, experta en darle al turista lo mejor de su tierra. Es un lugar para reencontrarse con lo aut\u00e9ntico y donde la historia [&hellip;]","og_url":"https:\/\/www.enoturismochile.cl\/constitution\/maridaje-perfecto\/maridajeperfecto-maule\/","og_site_name":"Enoturismo Chile","og_image":[{"url":"https:\/\/www.enoturismochile.cl\/constitution\/wp-content\/uploads\/2018\/08\/maridajeperfecto-300x300.jpg","type":"","width":"","height":""}],"twitter_card":"summary_large_image","twitter_misc":{"Tiempo de lectura":"1 minuto"},"schema":{"@context":"https:\/\/schema.org","@graph":[{"@type":"WebPage","@id":"https:\/\/www.enoturismochile.cl\/constitution\/maridaje-perfecto\/maridajeperfecto-maule\/","url":"https:\/\/www.enoturismochile.cl\/constitution\/maridaje-perfecto\/maridajeperfecto-maule\/","name":"Valle del Maule - Enoturismo Chile","isPartOf":{"@id":"https:\/\/www.enoturismochile.cl\/constitution\/#website"},"primaryImageOfPage":{"@id":"https:\/\/www.enoturismochile.cl\/constitution\/maridaje-perfecto\/maridajeperfecto-maule\/#primaryimage"},"image":{"@id":"https:\/\/www.enoturismochile.cl\/constitution\/maridaje-perfecto\/maridajeperfecto-maule\/#primaryimage"},"thumbnailUrl":"https:\/\/www.enoturismochile.cl\/constitution\/wp-content\/uploads\/2018\/08\/maridajeperfecto-300x300.jpg","datePublished":"2018-08-31T23:11:02+00:00","breadcrumb":{"@id":"https:\/\/www.enoturismochile.cl\/constitution\/maridaje-perfecto\/maridajeperfecto-maule\/#breadcrumb"},"inLanguage":"es","potentialAction":[{"@type":"ReadAction","target":["https:\/\/www.enoturismochile.cl\/constitution\/maridaje-perfecto\/maridajeperfecto-maule\/"]}]},{"@type":"ImageObject","inLanguage":"es","@id":"https:\/\/www.enoturismochile.cl\/constitution\/maridaje-perfecto\/maridajeperfecto-maule\/#primaryimage","url":"https:\/\/www.enoturismochile.cl\/constitution\/wp-content\/uploads\/2018\/08\/maridajeperfecto.jpg","contentUrl":"https:\/\/www.enoturismochile.cl\/constitution\/wp-content\/uploads\/2018\/08\/maridajeperfecto.jpg","width":1200,"height":1200},{"@type":"BreadcrumbList","@id":"https:\/\/www.enoturismochile.cl\/constitution\/maridaje-perfecto\/maridajeperfecto-maule\/#breadcrumb","itemListElement":[{"@type":"ListItem","position":1,"name":"Portada","item":"https:\/\/www.enoturismochile.cl\/constitution\/"},{"@type":"ListItem","position":2,"name":"Maridaje Perfecto","item":"https:\/\/www.enoturismochile.cl\/constitution\/maridaje-perfecto\/"},{"@type":"ListItem","position":3,"name":"Valle del Maule"}]},{"@type":"WebSite","@id":"https:\/\/www.enoturismochile.cl\/constitution\/#website","url":"https:\/\/www.enoturismochile.cl\/constitution\/","name":"Enoturismo Chile","description":"","publisher":{"@id":"https:\/\/www.enoturismochile.cl\/constitution\/#organization"},"potentialAction":[{"@type":"SearchAction","target":{"@type":"EntryPoint","urlTemplate":"https:\/\/www.enoturismochile.cl\/constitution\/?s={search_term_string}"},"query-input":{"@type":"PropertyValueSpecification","valueRequired":true,"valueName":"search_term_string"}}],"inLanguage":"es"},{"@type":"Organization","@id":"https:\/\/www.enoturismochile.cl\/constitution\/#organization","name":"Enoturismo Chile","url":"https:\/\/www.enoturismochile.cl\/constitution\/","logo":{"@type":"ImageObject","inLanguage":"es","@id":"https:\/\/www.enoturismochile.cl\/constitution\/#\/schema\/logo\/image\/","url":"https:\/\/www.enoturismochile.cl\/constitution\/wp-content\/uploads\/2020\/07\/logo-et-2020.png","contentUrl":"https:\/\/www.enoturismochile.cl\/constitution\/wp-content\/uploads\/2020\/07\/logo-et-2020.png","width":300,"height":154,"caption":"Enoturismo Chile"},"image":{"@id":"https:\/\/www.enoturismochile.cl\/constitution\/#\/schema\/logo\/image\/"}}]}},"_links":{"self":[{"href":"https:\/\/www.enoturismochile.cl\/constitution\/wp-json\/wp\/v2\/pages\/1598","targetHints":{"allow":["GET"]}}],"collection":[{"href":"https:\/\/www.enoturismochile.cl\/constitution\/wp-json\/wp\/v2\/pages"}],"about":[{"href":"https:\/\/www.enoturismochile.cl\/constitution\/wp-json\/wp\/v2\/types\/page"}],"author":[{"embeddable":true,"href":"https:\/\/www.enoturismochile.cl\/constitution\/wp-json\/wp\/v2\/users\/2"}],"replies":[{"embeddable":true,"href":"https:\/\/www.enoturismochile.cl\/constitution\/wp-json\/wp\/v2\/comments?post=1598"}],"version-history":[{"count":0,"href":"https:\/\/www.enoturismochile.cl\/constitution\/wp-json\/wp\/v2\/pages\/1598\/revisions"}],"up":[{"embeddable":true,"href":"https:\/\/www.enoturismochile.cl\/constitution\/wp-json\/wp\/v2\/pages\/1511"}],"wp:attachment":[{"href":"https:\/\/www.enoturismochile.cl\/constitution\/wp-json\/wp\/v2\/media?parent=1598"}],"curies":[{"name":"wp","href":"https:\/\/api.w.org\/{rel}","templated":true}]}}